 37
Let o be (-1)/(-2) - 7/14. Suppose 3*s + s + 20 = o, 52 = 2*h + 4*s. List the prime factors of 16*-1*h/(-24).
2, 3
Let z = 348 - 89. What are the prime factors of z?
7, 37
Let z(n) = -n**3 - 2*n**2 - 2*n + 1. Let v be z(-2). Suppose 4*a - 2*c = 27 - v, 4*a - 4*c - 20 = 0. What are the prime factors of a?
2, 3
Suppose 0*x = x + 75. Suppose y = 6*p - p + 124, 3*y = -3*p + 390. Let g = x + y. What are the prime factors of g?
2, 3
Let m be (3 + (-25)/15)/(4/(-18)). Let j(o) = -2*o**3 - 6*o**2 - 2*o + 5. What are the prime factors of j(m)?
233
Let m = -16 - -23. Suppose 0 = m*v - v. Suppose v = -h - b + 5, -2*h + 4*b + 25 = 3*b. What are the prime factors of h?
2, 5
What are the prime factors of ((-1)/(-3))/((-3)/(-2133))?
3, 79
What are the prime factors of 2 + 1132 - -1 - 39/13?
2, 283
Let a = -27 + 310. Suppose -b - b - 4 = 0, 0 = -3*n - 4*b + a. List the prime factors of n.
97
Suppose -4*z = -3*z. Let g be ((-213)/2)/(39/(-52)). Suppose g = 5*u + n, u - 4*u + 3*n + 78 = z. What are the prime factors of u?
2, 7
Suppose 2*s - 2*h - 10 = 0, -4*s + 26 = 4*h - 18. Suppose -w - s = 4. Let m = 17 + w. List the prime factors of m.
5
Suppose -3*b + 4*c + 2204 = 0, -3*b = 2*c - 3007 + 833. What are the prime factors of b?
2, 7, 13
Let r(s) = -s**3 - 5*s**2 - 5*s - 3. Let t be r(-4). Suppose -6 = 3*l, -4*j + t + 7 = 4*l. List the prime factors of (-3)/12 + 49/j.
2, 3
What are the prime factors of 1/(10056/(-2012) + 5)?
503
Suppose -5 = 10*f - 45. Suppose 0 = -2*j + p + 428, 0*p - 448 = -2*j - f*p. What are the prime factors of j?
2, 3
Suppose 6 = 2*v - 0*v. Suppose -4*r = v*t - 527, -2*t + 664 = 5*r - 0*t. What are the prime factors of r?
2, 67
Suppose -25*j + 224 = -9*j. List the prime factors of j.
2, 7
Suppose 0 = 3*d - 4*z + 16, -3*d = -3*z + 6 + 6. Let q be d + (2*-11)/2. List the prime factors of (-2)/q + 1532/44.
5, 7
Let h(a) = -a**2 + 2*a - 1. Let d be h(1). Suppose d*k + k = 18. Suppose -22 - k = -4*j. List the prime factors of j.
2, 5
Suppose -21 = -5*z - 2*z. Suppose -n + z*n = 60. What are the prime factors of n?
2, 3, 5
Let s(o) = o**2 - 8*o - 9. Let j be s(9). Suppose j = 8*k - 4*k - 48. What are the prime factors of (12 - -3)*k/9?
2, 5
Let h(o) = -4*o**2 - 1 - 6 - 3 + 3*o**2 - 13*o. Suppose -7*q + 0*q - 77 = 0. What are the prime factors of h(q)?
2, 3
Suppose 3*v - 18 = -3. Suppose v*t = 6*t - 53. What are the prime factors of t?
53
Suppose 4*k = m - 20, 3*m = 5*m + 5*k + 12. What are the prime factors of m/((2/(-6))/((-774)/36))?
2, 3, 43
Let t(p) = 7*p**2 - 57*p + 33. List the prime factors of t(17).
1087
Let y be (-14)/(-10) - 6/(-10). Suppose -1 - y = 3*w, -5*w + 467 = 4*c. What are the prime factors of c?
2, 59
Let x(i) = 7*i**3 + 4*i**2 + 3*i - 8. Let z be x(-4). Let k = z - -574. What are the prime factors of k?
2, 5, 17
Suppose -44*w - 44187 = -77*w. List the prime factors of w.
13, 103
Let z = -3 + -7. What are the prime factors of (132/z)/((-15)/75)?
2, 3, 11
Suppose -11*a - 2935 + 30688 = 0. What are the prime factors of a?
3, 29
List the prime factors of -2 + 584 + 184/23.
2, 5, 59
Let k = 409 - -37. Suppose 13*g = k - 69. List the prime factors of g.
29
Let q be ((-15)/4)/(6/32). Let w(c) = -2*c - 3. List the prime factors of w(q).
37
Suppose 4*l = 5*w + 1474, -154 = 4*w + l + 1021. Let j = 538 + w. List the prime factors of j.
2, 61
Let g = -13 + 13. Let j = g + 15. Suppose 3*m + 0*m - 28 = -4*p, -p - j = -2*m. What are the prime factors of m?
2
Let v = 71 + -46. Let h be 18/15 + (8/(-5))/(-2). Suppose -h*g + v = -1. List the prime factors of g.
13
Suppose -10 = -2*y, -994 = -2*p - y - 3*y. What are the prime factors of p?
487
Let t = 15 - 17. Let r(d) = -15*d + 10. Let f(c) = -5*c + 3. Let o(v) = 14*f(v) - 4*r(v). List the prime factors of o(t).
2, 11
Let o be (-1)/4 + 117/(-12). Let n = -6 - o. Suppose -s + i = -29 - 4, 5*i - 105 = -n*s. What are the prime factors of s?
2, 3, 5
Let b = 11112 - 6625. What are the prime factors of b?
7, 641
Suppose 0 = -t - 4*u + 264, -28*t + 26*t - 4*u + 536 = 0. What are the prime factors of t?
2, 17
Suppose -17*t = -40*t + 31165. What are the prime factors of t?
5, 271
Let o = 27 - 23. Suppose o*g = 65 + 131. What are the prime factors of g?
7
Let r be ((-164)/(-12))/((-2)/12). Let t = r - -252. What are the prime factors of t?
2, 5, 17
Suppose -y + s = -400, 3*s - 1331 - 241 = -4*y. Suppose 26 = -5*u + y. List the prime factors of u.
2, 37
Let b(c) = -52*c + 6. Let l be b(-2). List the prime factors of l + 4 + -2 + -5 + 2.
109
Suppose -2*w - n = 4*n - 2, -3*w + 4*n = 20. Let m = 2 + w. What are the prime factors of (m/(-3))/((-2)/(-33))?
11
Suppose 54*j - 57103 = 20009. List the prime factors of j.
2, 3, 7, 17
Suppose 277*l + 12780 = 295*l. What are the prime factors of l?
2, 5, 71
Let z(d) = 7*d**2 + 25*d - 348. List the prime factors of z(-28).
2, 3, 5, 37
Let g(i) = -i**3 + 22*i**2 - 14*i + 44. List the prime factors of g(21).
191
Suppose -4979 = -4*t - s + 9670, -2*s = 2*t - 7320. What are the prime factors of t?
3, 11, 37
Suppose 0 = 3*c - c + 4*d - 2524, -2*c - 5*d + 2526 = 0. List the prime factors of c.
2, 17, 37
Let s = -221 - -678. What are the prime factors of s?
457
Let m = 378 - -6. What are the prime factors of m?
2, 3
Let u(r) = 2*r**3 - 34*r**2 - 12*r - 12. What are the prime factors of u(22)?
2, 7, 163
Let n = -996 - -1954. What are the prime factors of n?
2, 479
Let n be 2/6 - 340/(-15). Let h = n - -77. List the prime factors of h.
2, 5
Let c be ((-30)/75)/(2/110). Let p = c - -65. What are the prime factors of p?
43
Let i be (-9)/12*(-17 - -1). Let r = i - 9. Suppose -c - 2*c - 4*w + 47 = 0, 0 = -2*c - r*w + 31. What are the prime factors of c?
17
Suppose -2748 = -5*u - 4*d, -2*d + 258 = -u + 816. What are the prime factors of u?
2, 3, 23
Let y(u) be the second derivative of u**4/12 + u**3/6 + u**2/2 - 5*u. Let w(o) = 4*o**2 + 5. Let j(p) = w(p) - 3*y(p). List the prime factors of j(4).
2, 3
Suppose 2*g - 3*c = 743 + 438, -5*g - 4*c + 2941 = 0. What are the prime factors of g?
19, 31
Let z(w) = 9*w - 3*w + 0*w - 4 - 4*w. Let h be z(4). Suppose -2*k = -4, -3*p = -5*p - h*k + 78. What are the prime factors of p?
5, 7
List the prime factors of 1/2 - (1378/(-4) + 4).
11, 31
Let l(c) = -2*c**2 - 15*c + 10. List the prime factors of l(-8).
2
Let p = -118 - -294. Suppose -173*a + p*a - 378 = 0. List the prime factors of a.
2, 3, 7
Let n = 72 + -47. Suppose -5*l + 10 = 6*i - 4*i, -5*i = -2*l - n. Suppose -3*f + 10 + 5 = l. List the prime factors of f.
5
Let r be (-15 - 63)*15/2. Let u = -346 - r. List the prime factors of u.
239
Let u = -161 + 256. Let f = -67 + u. What are the prime factors of f?
2, 7
Suppose 0 = v - 4 - 1. Suppose 8*g - 162 = v*g. List the prime factors of g.
2, 3
List the prime factors of -12 + 11550/7 + -6.
2, 3, 17
Let s(a) = a + 1. Let k(q) = -10*q. Let l(i) = -k(i) - 2*s(i). Let m be l(3). Suppose -2*c = -u - 3*c + 11, 0 = -2*u + c + m. List the prime factors of u.
11
Let g be ((-4)/3)/(4/(-9)). Suppose -g*p - 46 = -3*z + 14, 5*z - 4*p - 100 = 0. Suppose 0 = -w, 2*r + 2*w + z = 68. What are the prime factors of r?
2, 3
Let p = 2122 + 415. What are the prime factors of p?
43, 59
Let m = 591 + -114. What are the prime factors of m?
3, 53
Suppose 8*c + 292 = 12*c. Suppose 3*f = a - 57, -a + 3*f + c = 4*f. List the prime factors of a.
3, 23
Suppose 0 = y - 2*v - v - 718, 0 = -3*y + 3*v + 2136. What are the prime factors of y?
709
Suppose -10*p + 11*p - 5 = 0. Suppose -p*v + 206 = -84. What are the prime factors of v?
2, 29
Let s(p) = 4*p**3 - p**2 - p - 24. List the prime factors of s(5).
2, 223
What are the prime factors of (-6 - -11) + -7 + 0 + 687?
5, 137
Suppose -g - 7 = -5. Let u be g - -6 - (-4)/4. Suppose 0 = 5*o + 2*x - 77, u*o - 29 = 2*x + 44. List the prime factors of o.
3, 5
Let j = 467 + -255. List the prime factors of j.
2, 53
Let l(k) = 14*k**2 + 2*k - 98. What are the prime factors of l(6)?
2, 11, 19
Let q = -529 - -899. What are the prime factors of q?
2, 5, 37
Suppose 0 = y - 4*j + 9, 0 = 2*y - j + 2 - 19. Suppose 12*g = y*g + 205. List the prime factors of g.
5, 41
Suppose -9*q + 1880 = -12709. What are the prime factors of q?
1621
List the prime factors of 35/(-210) + 2*811/12.
3, 5
Let p(c) = 19*c**3 - c**2 - c + 1. Let x = 2 - 